{"id":1309,"date":"2023-04-13T12:12:58","date_gmt":"2023-04-13T10:12:58","guid":{"rendered":"https:\/\/civitas.ba\/projektgradjanin\/?page_id=1309"},"modified":"2024-04-23T12:46:35","modified_gmt":"2024-04-23T10:46:35","slug":"vasi-radovi","status":"publish","type":"page","link":"https:\/\/civitas.ba\/projektgradjanin\/naslovnica\/vasi-radovi\/","title":{"rendered":"Va\u0161i radovi"},"content":{"rendered":"\n<h3 class=\"wp-block-heading\"><strong><mark style=\"background-color:rgba(0, 0, 0, 0);color:#149b96\" class=\"has-inline-color\">SARAJEVO: U\u010denici i u\u010denice Srednje \u0161kole za saobra\u0107aj i komunikacije rade na modernizaciji i ekonomi\u010dnijem javnom gradskom prevozu<\/mark><\/strong><\/h3>\n\n\n\n<p><strong>U\u010denici i u\u010denice tre\u0107eg III-1 razreda sarajevske Srednje \u0161kole za saobra\u0107aj i komunikacije<\/strong> osvojili su prvo mjesto na &#8220;Projekt gra\u0111anin&#8221; op\u0107inskom takmi\u010denju iz prakti\u010dne nastave gra\u0111anskog obrazovanja, nastavnog predmeta Demokratija i ljudska prava. Predstavili su se s istra\u017eiva\u010dkim radom na temu neefikasnog sistema elektronske naplate u javnom gradskom prevozu u Kantonu Sarajevu.<strong> Predla\u017eu uvo\u0111enje elektronskih \u010dita\u010da i sistema naplate u sva vozila javnog gradskog prevoza, te da se cijene karata napla\u0107uju u vremenskom intervalu od 30, 60 i 90 minuta. <\/strong>S ovim prijedlogom upoznali su i resornog ministra saobra\u0107aja Vlade Kantona Sarajevo, Adnana \u0160tetu, koji ih je posjetio i podr\u017eao njihov rad i inicijativu.<\/p>\n\n\n\n<figure class=\"wp-block-embed is-type-video is-provider-youtube wp-block-embed-youtube wp-embed-aspect-16-9 wp-has-aspect-ratio\"><div class=\"wp-block-embed__wrapper\">\n<iframe loading=\"lazy\" title=\"Projekt gra\u0111anin 2023 - Srednja \u0161kola za saobra\u0107aj i komunikacije Sarajevo,  (Dnevnik TV SA)\" width=\"640\" height=\"360\" src=\"https:\/\/www.youtube.com\/embed\/1fI0DRABGvQ?feature=oembed\" frameborder=\"0\" allow=\"accelerometer; autoplay; clipboard-write; encrypted-media; gyroscope; picture-in-picture; web-share\" referrerpolicy=\"strict-origin-when-cross-origin\" allowfullscreen><\/iframe>\n<\/div><\/figure>\n\n\n\n<figure class=\"wp-block-gallery has-nested-images columns-default is-cropped wp-block-gallery-1 is-layout-flex wp-block-gallery-is-layout-flex\">\n<figure class=\"wp-block-image size-large\"><a href=\"https:\/\/civitas.ba\/projektgradjanin\/wp-content\/uploads\/2023\/04\/340949466_231976462716089_5520115063227678280_n.jpg\"><img loading=\"lazy\" decoding=\"async\" width=\"960\" height=\"593\" data-id=\"1361\" src=\"https:\/\/civitas.ba\/projektgradjanin\/wp-content\/uploads\/2023\/04\/340949466_231976462716089_5520115063227678280_n.jpg\" alt=\"\" class=\"wp-image-1361\" srcset=\"https:\/\/civitas.ba\/projektgradjanin\/wp-content\/uploads\/2023\/04\/340949466_231976462716089_5520115063227678280_n.jpg 960w, https:\/\/civitas.ba\/projektgradjanin\/wp-content\/uploads\/2023\/04\/340949466_231976462716089_5520115063227678280_n-300x185.jpg 300w, https:\/\/civitas.ba\/projektgradjanin\/wp-content\/uploads\/2023\/04\/340949466_231976462716089_5520115063227678280_n-768x474.jpg 768w, https:\/\/civitas.ba\/projektgradjanin\/wp-content\/uploads\/2023\/04\/340949466_231976462716089_5520115063227678280_n-850x525.jpg 850w\" sizes=\"auto, (max-width: 960px) 100vw, 960px\" \/><\/a><\/figure>\n\n\n\n<figure class=\"wp-block-image size-large\"><a href=\"https:\/\/civitas.ba\/projektgradjanin\/wp-content\/uploads\/2023\/04\/340575116_794172218300223_2887746018700689028_n.jpg\"><img loading=\"lazy\" decoding=\"async\" width=\"1024\" height=\"682\" data-id=\"1358\" src=\"https:\/\/civitas.ba\/projektgradjanin\/wp-content\/uploads\/2023\/04\/340575116_794172218300223_2887746018700689028_n-1024x682.jpg\" alt=\"\" class=\"wp-image-1358\" srcset=\"https:\/\/civitas.ba\/projektgradjanin\/wp-content\/uploads\/2023\/04\/340575116_794172218300223_2887746018700689028_n-1024x682.jpg 1024w, https:\/\/civitas.ba\/projektgradjanin\/wp-content\/uploads\/2023\/04\/340575116_794172218300223_2887746018700689028_n-300x200.jpg 300w, https:\/\/civitas.ba\/projektgradjanin\/wp-content\/uploads\/2023\/04\/340575116_794172218300223_2887746018700689028_n-768x512.jpg 768w, https:\/\/civitas.ba\/projektgradjanin\/wp-content\/uploads\/2023\/04\/340575116_794172218300223_2887746018700689028_n-1536x1023.jpg 1536w, https:\/\/civitas.ba\/projektgradjanin\/wp-content\/uploads\/2023\/04\/340575116_794172218300223_2887746018700689028_n-850x566.jpg 850w, https:\/\/civitas.ba\/projektgradjanin\/wp-content\/uploads\/2023\/04\/340575116_794172218300223_2887746018700689028_n.jpg 1600w\" sizes=\"auto, (max-width: 1024px) 100vw, 1024px\" \/><\/a><\/figure>\n\n\n\n<figure class=\"wp-block-image size-large\"><a href=\"https:\/\/civitas.ba\/projektgradjanin\/wp-content\/uploads\/2023\/04\/340646979_642857087654476_5929821007023201759_n.jpg\"><img loading=\"lazy\" decoding=\"async\" width=\"1024\" height=\"682\" data-id=\"1363\" src=\"https:\/\/civitas.ba\/projektgradjanin\/wp-content\/uploads\/2023\/04\/340646979_642857087654476_5929821007023201759_n-1024x682.jpg\" alt=\"\" class=\"wp-image-1363\" srcset=\"https:\/\/civitas.ba\/projektgradjanin\/wp-content\/uploads\/2023\/04\/340646979_642857087654476_5929821007023201759_n-1024x682.jpg 1024w, https:\/\/civitas.ba\/projektgradjanin\/wp-content\/uploads\/2023\/04\/340646979_642857087654476_5929821007023201759_n-300x200.jpg 300w, https:\/\/civitas.ba\/projektgradjanin\/wp-content\/uploads\/2023\/04\/340646979_642857087654476_5929821007023201759_n-768x512.jpg 768w, https:\/\/civitas.ba\/projektgradjanin\/wp-content\/uploads\/2023\/04\/340646979_642857087654476_5929821007023201759_n-1536x1023.jpg 1536w, https:\/\/civitas.ba\/projektgradjanin\/wp-content\/uploads\/2023\/04\/340646979_642857087654476_5929821007023201759_n-850x566.jpg 850w, https:\/\/civitas.ba\/projektgradjanin\/wp-content\/uploads\/2023\/04\/340646979_642857087654476_5929821007023201759_n.jpg 1600w\" sizes=\"auto, (max-width: 1024px) 100vw, 1024px\" \/><\/a><\/figure>\n\n\n\n<figure class=\"wp-block-image size-large\"><a href=\"https:\/\/civitas.ba\/projektgradjanin\/wp-content\/uploads\/2023\/04\/340640064_1268031974111627_4396406877245360647_n.jpg\"><img loading=\"lazy\" decoding=\"async\" width=\"1024\" height=\"682\" data-id=\"1359\" src=\"https:\/\/civitas.ba\/projektgradjanin\/wp-content\/uploads\/2023\/04\/340640064_1268031974111627_4396406877245360647_n-1024x682.jpg\" alt=\"\" class=\"wp-image-1359\" srcset=\"https:\/\/civitas.ba\/projektgradjanin\/wp-content\/uploads\/2023\/04\/340640064_1268031974111627_4396406877245360647_n-1024x682.jpg 1024w, https:\/\/civitas.ba\/projektgradjanin\/wp-content\/uploads\/2023\/04\/340640064_1268031974111627_4396406877245360647_n-300x200.jpg 300w, https:\/\/civitas.ba\/projektgradjanin\/wp-content\/uploads\/2023\/04\/340640064_1268031974111627_4396406877245360647_n-768x512.jpg 768w, https:\/\/civitas.ba\/projektgradjanin\/wp-content\/uploads\/2023\/04\/340640064_1268031974111627_4396406877245360647_n-1536x1023.jpg 1536w, https:\/\/civitas.ba\/projektgradjanin\/wp-content\/uploads\/2023\/04\/340640064_1268031974111627_4396406877245360647_n-850x566.jpg 850w, https:\/\/civitas.ba\/projektgradjanin\/wp-content\/uploads\/2023\/04\/340640064_1268031974111627_4396406877245360647_n.jpg 1600w\" sizes=\"auto, (max-width: 1024px) 100vw, 1024px\" \/><\/a><\/figure>\n\n\n\n<figure class=\"wp-block-image size-large\"><a href=\"https:\/\/civitas.ba\/projektgradjanin\/wp-content\/uploads\/2023\/04\/340842959_977645696569489_2725995132504463019_n.jpg\"><img loading=\"lazy\" decoding=\"async\" width=\"960\" height=\"640\" data-id=\"1357\" src=\"https:\/\/civitas.ba\/projektgradjanin\/wp-content\/uploads\/2023\/04\/340842959_977645696569489_2725995132504463019_n.jpg\" alt=\"\" class=\"wp-image-1357\" srcset=\"https:\/\/civitas.ba\/projektgradjanin\/wp-content\/uploads\/2023\/04\/340842959_977645696569489_2725995132504463019_n.jpg 960w, https:\/\/civitas.ba\/projektgradjanin\/wp-content\/uploads\/2023\/04\/340842959_977645696569489_2725995132504463019_n-300x200.jpg 300w, https:\/\/civitas.ba\/projektgradjanin\/wp-content\/uploads\/2023\/04\/340842959_977645696569489_2725995132504463019_n-768x512.jpg 768w, https:\/\/civitas.ba\/projektgradjanin\/wp-content\/uploads\/2023\/04\/340842959_977645696569489_2725995132504463019_n-850x567.jpg 850w\" sizes=\"auto, (max-width: 960px) 100vw, 960px\" \/><\/a><\/figure>\n\n\n\n<figure class=\"wp-block-image size-large\"><a href=\"https:\/\/civitas.ba\/projektgradjanin\/wp-content\/uploads\/2023\/04\/340941049_963535941318804_5654592072105514950_n.jpg\"><img loading=\"lazy\" decoding=\"async\" width=\"1024\" height=\"682\" data-id=\"1365\" src=\"https:\/\/civitas.ba\/projektgradjanin\/wp-content\/uploads\/2023\/04\/340941049_963535941318804_5654592072105514950_n-1024x682.jpg\" alt=\"\" class=\"wp-image-1365\" srcset=\"https:\/\/civitas.ba\/projektgradjanin\/wp-content\/uploads\/2023\/04\/340941049_963535941318804_5654592072105514950_n-1024x682.jpg 1024w, https:\/\/civitas.ba\/projektgradjanin\/wp-content\/uploads\/2023\/04\/340941049_963535941318804_5654592072105514950_n-300x200.jpg 300w, https:\/\/civitas.ba\/projektgradjanin\/wp-content\/uploads\/2023\/04\/340941049_963535941318804_5654592072105514950_n-768x512.jpg 768w, https:\/\/civitas.ba\/projektgradjanin\/wp-content\/uploads\/2023\/04\/340941049_963535941318804_5654592072105514950_n-1536x1023.jpg 1536w, https:\/\/civitas.ba\/projektgradjanin\/wp-content\/uploads\/2023\/04\/340941049_963535941318804_5654592072105514950_n-850x566.jpg 850w, https:\/\/civitas.ba\/projektgradjanin\/wp-content\/uploads\/2023\/04\/340941049_963535941318804_5654592072105514950_n.jpg 1600w\" sizes=\"auto, (max-width: 1024px) 100vw, 1024px\" \/><\/a><\/figure>\n<\/figure>\n\n\n\n<hr class=\"wp-block-separator has-alpha-channel-opacity\"\/>\n\n\n\n<h3 class=\"wp-block-heading\"><strong><mark style=\"background-color:rgba(0, 0, 0, 0);color:#e22867\" class=\"has-inline-color\">GACKO: U\u010denici i u\u010denice inicirali usvajanje Omladinske politike Op\u0161tine Gacko <\/mark><\/strong><\/h3>\n\n\n\n<p><strong>U\u010denici i u\u010denice Srednjo\u0161kolskog centra \u201cPero Slijep\u010devi\u0107\u201d iz Gacka<\/strong>, ve\u0107 godinama, doslijedno rade na problemskom zadatku prakti\u010dne nastave \u201cProjekat Ja gra\u0111anin\u201d pod mentorstvom predmetne nastavnice Jovane Petkovi\u0107 \u2013 A\u0107imovi\u0107. I ove godine istra\u017eivali su razli\u010dite probleme javne politike, predlagali svoja rje\u0161enja \u2013 nove politike, koje \u0107e unaprijediti \u017eivot mladih u op\u0161tini Gacko, Republici Srpskoj i Bosni i Hercegovini. \u0160kolu je, na takmi\u010denju, predstavljalo <strong>odjeljenje IVg2<\/strong> s <strong><mark style=\"background-color:rgba(0, 0, 0, 0);color:#21215a\" class=\"has-inline-color\">inicijativom za usvajanje Omladinske politike Op\u0161tine Gacko<\/mark><\/strong>. Inicijativu je podr\u017eao na\u010delnik Op\u0161tine Gacko, dr. Ognjen Milinkovi\u0107, koji je i javno, u svojoj kancelariji, potpisao njihovu peticiju. Neposredno pred takmi\u010denje, u\u010denici i u\u010denice sastali su se i s predsjednikom Savjeta op\u0161tine, Rajkom Papovi\u0107em, s kojim su radili na pripremi materijala za narednu sjednicu Skup\u0161tine Op\u0161tine Gacko, koja treba uklju\u010diti i njihov prijedlog Omladinske politike.<\/p>\n\n\n\n<div class=\"wp-block-group\"><div class=\"wp-block-group__inner-container is-layout-constrained wp-block-group-is-layout-constrained\">\n<p><\/p>\n\n\n\n<figure class=\"wp-block-gallery has-nested-images columns-default is-cropped wp-block-gallery-2 is-layout-flex wp-block-gallery-is-layout-flex\">\n<figure class=\"wp-block-image size-large\"><a href=\"https:\/\/civitas.ba\/projektgradjanin\/wp-content\/uploads\/2023\/04\/337669516_210229708260800_4019590465689270085_n.jpg\"><img loading=\"lazy\" decoding=\"async\" width=\"996\" height=\"746\" data-id=\"1342\" src=\"https:\/\/civitas.ba\/projektgradjanin\/wp-content\/uploads\/2023\/04\/337669516_210229708260800_4019590465689270085_n.jpg\" alt=\"\" class=\"wp-image-1342\" srcset=\"https:\/\/civitas.ba\/projektgradjanin\/wp-content\/uploads\/2023\/04\/337669516_210229708260800_4019590465689270085_n.jpg 996w, https:\/\/civitas.ba\/projektgradjanin\/wp-content\/uploads\/2023\/04\/337669516_210229708260800_4019590465689270085_n-300x225.jpg 300w, https:\/\/civitas.ba\/projektgradjanin\/wp-content\/uploads\/2023\/04\/337669516_210229708260800_4019590465689270085_n-768x575.jpg 768w, https:\/\/civitas.ba\/projektgradjanin\/wp-content\/uploads\/2023\/04\/337669516_210229708260800_4019590465689270085_n-850x637.jpg 850w\" sizes=\"auto, (max-width: 996px) 100vw, 996px\" \/><\/a><\/figure>\n\n\n\n<figure class=\"wp-block-image size-large\"><a href=\"https:\/\/civitas.ba\/projektgradjanin\/wp-content\/uploads\/2023\/04\/337554124_937701214204585_6300094967842720295_n.jpg\"><img loading=\"lazy\" decoding=\"async\" width=\"769\" height=\"580\" data-id=\"1337\" src=\"https:\/\/civitas.ba\/projektgradjanin\/wp-content\/uploads\/2023\/04\/337554124_937701214204585_6300094967842720295_n.jpg\" alt=\"\" class=\"wp-image-1337\" srcset=\"https:\/\/civitas.ba\/projektgradjanin\/wp-content\/uploads\/2023\/04\/337554124_937701214204585_6300094967842720295_n.jpg 769w, https:\/\/civitas.ba\/projektgradjanin\/wp-content\/uploads\/2023\/04\/337554124_937701214204585_6300094967842720295_n-300x226.jpg 300w\" sizes=\"auto, (max-width: 769px) 100vw, 769px\" \/><\/a><\/figure>\n\n\n\n<figure class=\"wp-block-image size-large\"><a href=\"https:\/\/civitas.ba\/projektgradjanin\/wp-content\/uploads\/2023\/04\/337905549_3113741512261254_4056935950442849488_n.jpg\"><img loading=\"lazy\" decoding=\"async\" width=\"815\" height=\"615\" data-id=\"1340\" src=\"https:\/\/civitas.ba\/projektgradjanin\/wp-content\/uploads\/2023\/04\/337905549_3113741512261254_4056935950442849488_n.jpg\" alt=\"\" class=\"wp-image-1340\" srcset=\"https:\/\/civitas.ba\/projektgradjanin\/wp-content\/uploads\/2023\/04\/337905549_3113741512261254_4056935950442849488_n.jpg 815w, https:\/\/civitas.ba\/projektgradjanin\/wp-content\/uploads\/2023\/04\/337905549_3113741512261254_4056935950442849488_n-300x226.jpg 300w, https:\/\/civitas.ba\/projektgradjanin\/wp-content\/uploads\/2023\/04\/337905549_3113741512261254_4056935950442849488_n-768x580.jpg 768w\" sizes=\"auto, (max-width: 815px) 100vw, 815px\" \/><\/a><\/figure>\n\n\n\n<figure class=\"wp-block-image size-large\"><a href=\"https:\/\/civitas.ba\/projektgradjanin\/wp-content\/uploads\/2023\/04\/337693008_747422923710096_177159764138206652_n.jpg\"><img loading=\"lazy\" decoding=\"async\" width=\"1014\" height=\"762\" data-id=\"1339\" src=\"https:\/\/civitas.ba\/projektgradjanin\/wp-content\/uploads\/2023\/04\/337693008_747422923710096_177159764138206652_n.jpg\" alt=\"\" class=\"wp-image-1339\" srcset=\"https:\/\/civitas.ba\/projektgradjanin\/wp-content\/uploads\/2023\/04\/337693008_747422923710096_177159764138206652_n.jpg 1014w, https:\/\/civitas.ba\/projektgradjanin\/wp-content\/uploads\/2023\/04\/337693008_747422923710096_177159764138206652_n-300x225.jpg 300w, https:\/\/civitas.ba\/projektgradjanin\/wp-content\/uploads\/2023\/04\/337693008_747422923710096_177159764138206652_n-768x577.jpg 768w, https:\/\/civitas.ba\/projektgradjanin\/wp-content\/uploads\/2023\/04\/337693008_747422923710096_177159764138206652_n-850x639.jpg 850w\" sizes=\"auto, (max-width: 1014px) 100vw, 1014px\" \/><\/a><\/figure>\n\n\n\n<figure class=\"wp-block-image size-large\"><a href=\"https:\/\/civitas.ba\/projektgradjanin\/wp-content\/uploads\/2023\/04\/337755452_6451030978249966_1645932746923507554_n.jpg\"><img loading=\"lazy\" decoding=\"async\" width=\"819\" height=\"1024\" data-id=\"1345\" src=\"https:\/\/civitas.ba\/projektgradjanin\/wp-content\/uploads\/2023\/04\/337755452_6451030978249966_1645932746923507554_n-819x1024.jpg\" alt=\"\" class=\"wp-image-1345\" srcset=\"https:\/\/civitas.ba\/projektgradjanin\/wp-content\/uploads\/2023\/04\/337755452_6451030978249966_1645932746923507554_n-819x1024.jpg 819w, https:\/\/civitas.ba\/projektgradjanin\/wp-content\/uploads\/2023\/04\/337755452_6451030978249966_1645932746923507554_n-240x300.jpg 240w, https:\/\/civitas.ba\/projektgradjanin\/wp-content\/uploads\/2023\/04\/337755452_6451030978249966_1645932746923507554_n-768x960.jpg 768w, https:\/\/civitas.ba\/projektgradjanin\/wp-content\/uploads\/2023\/04\/337755452_6451030978249966_1645932746923507554_n-300x375.jpg 300w, https:\/\/civitas.ba\/projektgradjanin\/wp-content\/uploads\/2023\/04\/337755452_6451030978249966_1645932746923507554_n-850x1063.jpg 850w, https:\/\/civitas.ba\/projektgradjanin\/wp-content\/uploads\/2023\/04\/337755452_6451030978249966_1645932746923507554_n.jpg 979w\" sizes=\"auto, (max-width: 819px) 100vw, 819px\" \/><\/a><\/figure>\n\n\n\n<figure class=\"wp-block-image size-large\"><a href=\"https:\/\/civitas.ba\/projektgradjanin\/wp-content\/uploads\/2023\/04\/337145975_166345945900903_1804657767359782058_n.jpg\"><img loading=\"lazy\" decoding=\"async\" width=\"541\" height=\"960\" data-id=\"1335\" src=\"https:\/\/civitas.ba\/projektgradjanin\/wp-content\/uploads\/2023\/04\/337145975_166345945900903_1804657767359782058_n.jpg\" alt=\"\" class=\"wp-image-1335\" srcset=\"https:\/\/civitas.ba\/projektgradjanin\/wp-content\/uploads\/2023\/04\/337145975_166345945900903_1804657767359782058_n.jpg 541w, https:\/\/civitas.ba\/projektgradjanin\/wp-content\/uploads\/2023\/04\/337145975_166345945900903_1804657767359782058_n-169x300.jpg 169w, https:\/\/civitas.ba\/projektgradjanin\/wp-content\/uploads\/2023\/04\/337145975_166345945900903_1804657767359782058_n-300x532.jpg 300w\" sizes=\"auto, (max-width: 541px) 100vw, 541px\" \/><\/a><\/figure>\n<\/figure>\n<\/div><\/div>\n\n\n\n<hr class=\"wp-block-separator has-alpha-channel-opacity\"\/>\n\n\n\n<h3 class=\"wp-block-heading\"><strong><mark style=\"background-color:rgba(0, 0, 0, 0);color:#8212a3\" class=\"has-inline-color\">TUZLA: 11 odjeljenja Mje\u0161ovite srednje elektrotehni\u010dke \u0161kole Tuzla istra\u017euje razli\u010dite probleme javne politike<\/mark><\/strong><\/h3>\n\n\n\n<p><strong>11 odjeljenja Mje\u0161ovite srednje elektrotehni\u010dke \u0161kole Tuzla<\/strong>, pod mentorstvom predmetne nastavnice Admire Uzuni\u0107, vrijedno radi na digitalnim portfolijima \u201cProjekt gra\u0111anin\u201d prakti\u010dne nastave.&nbsp;U\u010denici i u\u010denice u svojim su u\u010dionicama ugostili\/e predsjedavaju\u0107u Predstavni\u010dkog doma Parlamenta Federacije Bosne i Hercegovine, Mirjanu Marinkovi\u0107-Lepi\u0107, a putem video linka pozvali su i predsjednika Centralne izborne komisije, Suada Arnautovi\u0107a. Njihovi partneri, saveznici i saveznice u predlaganju novih rje\u0161enja bili su zastupnici i zastupnice Parlamenta Federacije Bosne i Hercegovine i Parlamentarne skup\u0161tine Bosne i Hercegovine birani u izbornim jedinicama Tuzlanskog kantona, te \u010dlanovi i \u010dlanice Gradskog vije\u0107a, predstavnici i predstavnice nevladinih organizacija i centara za istra\u017eiva\u010dko novinarstvo. <strong>Nove mjere javne politike<\/strong>, koje predla\u017eu i \u010dije usvajanje zagovaraju u\u010denici i u\u010denice, odnose se na <strong>izmjene i dopune Izbornog zakona<\/strong>, koje \u0107e sprije\u010diti izborne prevare i <strong>uvo\u0111enje novih politika za uspje\u0161niju prevenciju i adekvatnije sankcioniranje korupcije, problema ovisnosti i za\u0161tite mentalnog zdravlja djece i mladih<\/strong>. <\/p>\n\n\n\n<div class=\"wp-block-group\"><div class=\"wp-block-group__inner-container is-layout-constrained wp-block-group-is-layout-constrained\">\n<p><\/p>\n\n\n\n<figure class=\"wp-block-gallery has-nested-images columns-default is-cropped wp-block-gallery-3 is-layout-flex wp-block-gallery-is-layout-flex\">\n<figure class=\"wp-block-image size-large\"><a href=\"https:\/\/civitas.ba\/projektgradjanin\/wp-content\/uploads\/2023\/04\/336857796_172253478983176_3231202678198140744_n.jpg\"><img loading=\"lazy\" decoding=\"async\" width=\"537\" height=\"403\" data-id=\"1317\" src=\"https:\/\/civitas.ba\/projektgradjanin\/wp-content\/uploads\/2023\/04\/336857796_172253478983176_3231202678198140744_n.jpg\" alt=\"\" class=\"wp-image-1317\" srcset=\"https:\/\/civitas.ba\/projektgradjanin\/wp-content\/uploads\/2023\/04\/336857796_172253478983176_3231202678198140744_n.jpg 537w, https:\/\/civitas.ba\/projektgradjanin\/wp-content\/uploads\/2023\/04\/336857796_172253478983176_3231202678198140744_n-300x225.jpg 300w\" sizes=\"auto, (max-width: 537px) 100vw, 537px\" \/><\/a><\/figure>\n\n\n\n<figure class=\"wp-block-image size-large\"><a href=\"https:\/\/civitas.ba\/projektgradjanin\/wp-content\/uploads\/2023\/04\/336877197_1276667536535349_6228405863584755743_n.jpg\"><img loading=\"lazy\" decoding=\"async\" width=\"537\" height=\"403\" data-id=\"1323\" src=\"https:\/\/civitas.ba\/projektgradjanin\/wp-content\/uploads\/2023\/04\/336877197_1276667536535349_6228405863584755743_n.jpg\" alt=\"\" class=\"wp-image-1323\" srcset=\"https:\/\/civitas.ba\/projektgradjanin\/wp-content\/uploads\/2023\/04\/336877197_1276667536535349_6228405863584755743_n.jpg 537w, https:\/\/civitas.ba\/projektgradjanin\/wp-content\/uploads\/2023\/04\/336877197_1276667536535349_6228405863584755743_n-300x225.jpg 300w\" sizes=\"auto, (max-width: 537px) 100vw, 537px\" \/><\/a><\/figure>\n\n\n\n<figure class=\"wp-block-image size-large\"><a href=\"https:\/\/civitas.ba\/projektgradjanin\/wp-content\/uploads\/2023\/04\/337232443_2057583401114637_1762757643436449758_n.jpg\"><img loading=\"lazy\" decoding=\"async\" width=\"772\" height=\"583\" data-id=\"1324\" src=\"https:\/\/civitas.ba\/projektgradjanin\/wp-content\/uploads\/2023\/04\/337232443_2057583401114637_1762757643436449758_n.jpg\" alt=\"\" class=\"wp-image-1324\" srcset=\"https:\/\/civitas.ba\/projektgradjanin\/wp-content\/uploads\/2023\/04\/337232443_2057583401114637_1762757643436449758_n.jpg 772w, https:\/\/civitas.ba\/projektgradjanin\/wp-content\/uploads\/2023\/04\/337232443_2057583401114637_1762757643436449758_n-300x227.jpg 300w, https:\/\/civitas.ba\/projektgradjanin\/wp-content\/uploads\/2023\/04\/337232443_2057583401114637_1762757643436449758_n-768x580.jpg 768w\" sizes=\"auto, (max-width: 772px) 100vw, 772px\" \/><\/a><\/figure>\n\n\n\n<figure class=\"wp-block-image size-large\"><a href=\"https:\/\/civitas.ba\/projektgradjanin\/wp-content\/uploads\/2023\/04\/337233877_1348991482546973_7756482468160280419_n.jpg\"><img loading=\"lazy\" decoding=\"async\" width=\"1024\" height=\"768\" data-id=\"1329\" src=\"https:\/\/civitas.ba\/projektgradjanin\/wp-content\/uploads\/2023\/04\/337233877_1348991482546973_7756482468160280419_n-1024x768.jpg\" alt=\"\" class=\"wp-image-1329\" srcset=\"https:\/\/civitas.ba\/projektgradjanin\/wp-content\/uploads\/2023\/04\/337233877_1348991482546973_7756482468160280419_n-1024x768.jpg 1024w, https:\/\/civitas.ba\/projektgradjanin\/wp-content\/uploads\/2023\/04\/337233877_1348991482546973_7756482468160280419_n-300x225.jpg 300w, https:\/\/civitas.ba\/projektgradjanin\/wp-content\/uploads\/2023\/04\/337233877_1348991482546973_7756482468160280419_n-768x576.jpg 768w, https:\/\/civitas.ba\/projektgradjanin\/wp-content\/uploads\/2023\/04\/337233877_1348991482546973_7756482468160280419_n-1536x1152.jpg 1536w, https:\/\/civitas.ba\/projektgradjanin\/wp-content\/uploads\/2023\/04\/337233877_1348991482546973_7756482468160280419_n-850x638.jpg 850w, https:\/\/civitas.ba\/projektgradjanin\/wp-content\/uploads\/2023\/04\/337233877_1348991482546973_7756482468160280419_n.jpg 2048w\" sizes=\"auto, (max-width: 1024px) 100vw, 1024px\" \/><\/a><\/figure>\n\n\n\n<figure class=\"wp-block-image size-large\"><a href=\"https:\/\/civitas.ba\/projektgradjanin\/wp-content\/uploads\/2023\/04\/337266744_1327505714463733_6227953479615703210_n.jpg\"><img loading=\"lazy\" decoding=\"async\" width=\"302\" height=\"403\" data-id=\"1325\" src=\"https:\/\/civitas.ba\/projektgradjanin\/wp-content\/uploads\/2023\/04\/337266744_1327505714463733_6227953479615703210_n.jpg\" alt=\"\" class=\"wp-image-1325\" srcset=\"https:\/\/civitas.ba\/projektgradjanin\/wp-content\/uploads\/2023\/04\/337266744_1327505714463733_6227953479615703210_n.jpg 302w, https:\/\/civitas.ba\/projektgradjanin\/wp-content\/uploads\/2023\/04\/337266744_1327505714463733_6227953479615703210_n-225x300.jpg 225w, https:\/\/civitas.ba\/projektgradjanin\/wp-content\/uploads\/2023\/04\/337266744_1327505714463733_6227953479615703210_n-300x400.jpg 300w\" sizes=\"auto, (max-width: 302px) 100vw, 302px\" \/><\/a><\/figure>\n\n\n\n<figure class=\"wp-block-image size-large\"><a href=\"https:\/\/civitas.ba\/projektgradjanin\/wp-content\/uploads\/2023\/04\/337386950_122183057416799_1784112529669267857_n.jpg\"><img loading=\"lazy\" decoding=\"async\" width=\"772\" height=\"583\" data-id=\"1326\" src=\"https:\/\/civitas.ba\/projektgradjanin\/wp-content\/uploads\/2023\/04\/337386950_122183057416799_1784112529669267857_n.jpg\" alt=\"\" class=\"wp-image-1326\" srcset=\"https:\/\/civitas.ba\/projektgradjanin\/wp-content\/uploads\/2023\/04\/337386950_122183057416799_1784112529669267857_n.jpg 772w, https:\/\/civitas.ba\/projektgradjanin\/wp-content\/uploads\/2023\/04\/337386950_122183057416799_1784112529669267857_n-300x227.jpg 300w, https:\/\/civitas.ba\/projektgradjanin\/wp-content\/uploads\/2023\/04\/337386950_122183057416799_1784112529669267857_n-768x580.jpg 768w\" sizes=\"auto, (max-width: 772px) 100vw, 772px\" \/><\/a><\/figure>\n<\/figure>\n<\/div><\/div>\n","protected":false},"excerpt":{"rendered":"<p>SARAJEVO: U\u010denici i u\u010denice Srednje \u0161kole za saobra\u0107aj i komunikacije rade na modernizaciji i ekonomi\u010dnijem javnom gradskom prevozu U\u010denici i u\u010denice tre\u0107eg III-1 razreda sarajevske Srednje \u0161kole za saobra\u0107aj i komunikacije osvojili su prvo mjesto na &#8220;Projekt gra\u0111anin&#8221; op\u0107inskom takmi\u010denju iz prakti\u010dne nastave gra\u0111anskog obrazovanja, nastavnog predmeta Demokratija i ljudska prava. Predstavili su se s&#8230;<\/p>\n","protected":false},"author":3,"featured_media":0,"parent":978,"menu_order":0,"comment_status":"closed","ping_status":"closed","template":"","meta":{"footnotes":""},"class_list":["post-1309","page","type-page","status-publish","hentry"],"_links":{"self":[{"href":"https:\/\/civitas.ba\/projektgradjanin\/wp-json\/wp\/v2\/pages\/1309","targetHints":{"allow":["GET"]}}],"collection":[{"href":"https:\/\/civitas.ba\/projektgradjanin\/wp-json\/wp\/v2\/pages"}],"about":[{"href":"https:\/\/civitas.ba\/projektgradjanin\/wp-json\/wp\/v2\/types\/page"}],"author":[{"embeddable":true,"href":"https:\/\/civitas.ba\/projektgradjanin\/wp-json\/wp\/v2\/users\/3"}],"replies":[{"embeddable":true,"href":"https:\/\/civitas.ba\/projektgradjanin\/wp-json\/wp\/v2\/comments?post=1309"}],"version-history":[{"count":0,"href":"https:\/\/civitas.ba\/projektgradjanin\/wp-json\/wp\/v2\/pages\/1309\/revisions"}],"up":[{"embeddable":true,"href":"https:\/\/civitas.ba\/projektgradjanin\/wp-json\/wp\/v2\/pages\/978"}],"wp:attachment":[{"href":"https:\/\/civitas.ba\/projektgradjanin\/wp-json\/wp\/v2\/media?parent=1309"}],"curies":[{"name":"wp","href":"https:\/\/api.w.org\/{rel}","templated":true}]}}